{"id":211,"date":"2023-11-29T13:17:25","date_gmt":"2023-11-29T13:17:25","guid":{"rendered":"https:\/\/www.parrocchiamontelupone.it\/?page_id=211"},"modified":"2026-04-26T07:16:52","modified_gmt":"2026-04-26T07:16:52","slug":"notiziario-parrocchiale","status":"publish","type":"page","link":"https:\/\/www.parrocchiamontelupone.it\/?page_id=211","title":{"rendered":"Notiziario Parrocchiale"},"content":{"rendered":"\t\t<div data-elementor-type=\"wp-page\" data-elementor-id=\"211\" class=\"elementor elementor-211\">\n\t\t\t\t<div class=\"elementor-element elementor-element-a827af1 e-flex e-con-boxed e-con e-parent\" data-id=\"a827af1\" data-element_type=\"container\" data-e-type=\"container\">\n\t\t\t\t\t<div class=\"e-con-inner\">\n\t\t<div class=\"elementor-element elementor-element-e18bbbe e-con-full e-flex e-con e-child\" data-id=\"e18bbbe\" data-element_type=\"container\" data-e-type=\"container\">\n\t\t\t\t<div class=\"elementor-element elementor-element-b7852fa elementor-align-center elementor-widget__width-inherit elementor-widget elementor-widget-button\" data-id=\"b7852fa\" data-element_type=\"widget\" data-e-type=\"widget\" data-widget_type=\"button.default\">\n\t\t\t\t<div class=\"elementor-widget-container\">\n\t\t\t\t\t\t\t\t\t<div class=\"elementor-button-wrapper\">\n\t\t\t\t\t<a class=\"elementor-button elementor-button-link elementor-size-sm\" href=\"https:\/\/www.parrocchiamontelupone.it\/?page_id=512\">\n\t\t\t\t\t\t<span class=\"elementor-button-content-wrapper\">\n\t\t\t\t\t\t\t\t\t<span class=\"elementor-button-text\">CALENDARIO LITURGICO<\/span>\n\t\t\t\t\t<\/span>\n\t\t\t\t\t<\/a>\n\t\t\t\t<\/div>\n\t\t\t\t\t\t\t\t<\/div>\n\t\t\t\t<\/div>\n\t\t\t\t<\/div>\n\t\t<div class=\"elementor-element elementor-element-1d0e82a e-con-full e-flex e-con e-child\" data-id=\"1d0e82a\" data-element_type=\"container\" data-e-type=\"container\">\n\t\t\t\t<div class=\"elementor-element elementor-element-acb2bf6 elementor-align-center elementor-widget__width-inherit elementor-widget elementor-widget-button\" data-id=\"acb2bf6\" data-element_type=\"widget\" data-e-type=\"widget\" data-widget_type=\"button.default\">\n\t\t\t\t<div class=\"elementor-widget-container\">\n\t\t\t\t\t\t\t\t\t<div class=\"elementor-button-wrapper\">\n\t\t\t\t\t<a class=\"elementor-button elementor-button-link elementor-size-sm\" href=\"https:\/\/www.parrocchiamontelupone.it\/?page_id=322\">\n\t\t\t\t\t\t<span class=\"elementor-button-content-wrapper\">\n\t\t\t\t\t\t\t\t\t<span class=\"elementor-button-text\">NOTIZIE E AVVISI <\/span>\n\t\t\t\t\t<\/span>\n\t\t\t\t\t<\/a>\n\t\t\t\t<\/div>\n\t\t\t\t\t\t\t\t<\/div>\n\t\t\t\t<\/div>\n\t\t\t\t<\/div>\n\t\t<div class=\"elementor-element elementor-element-7de8c90 e-con-full e-flex e-con e-child\" data-id=\"7de8c90\" data-element_type=\"container\" data-e-type=\"container\">\n\t\t\t\t<div class=\"elementor-element elementor-element-5c5f9ad elementor-align-center elementor-widget elementor-widget-button\" data-id=\"5c5f9ad\" data-element_type=\"widget\" data-e-type=\"widget\" data-widget_type=\"button.default\">\n\t\t\t\t<div class=\"elementor-widget-container\">\n\t\t\t\t\t\t\t\t\t<div class=\"elementor-button-wrapper\">\n\t\t\t\t\t<a class=\"elementor-button elementor-button-link elementor-size-sm\" href=\"https:\/\/www.parrocchiamontelupone.it\">\n\t\t\t\t\t\t<span class=\"elementor-button-content-wrapper\">\n\t\t\t\t\t\t\t\t\t<span class=\"elementor-button-text\">HOME<\/span>\n\t\t\t\t\t<\/span>\n\t\t\t\t\t<\/a>\n\t\t\t\t<\/div>\n\t\t\t\t\t\t\t\t<\/div>\n\t\t\t\t<\/div>\n\t\t\t\t<\/div>\n\t\t\t\t\t<\/div>\n\t\t\t\t<\/div>\n\t\t<div class=\"elementor-element elementor-element-764256d e-flex e-con-boxed e-con e-parent\" data-id=\"764256d\" data-element_type=\"container\" data-e-type=\"container\">\n\t\t\t\t\t<div class=\"e-con-inner\">\n\t\t\t\t<div class=\"elementor-element elementor-element-a3a5108 elementor-widget elementor-widget-text-editor\" data-id=\"a3a5108\" data-element_type=\"widget\" data-e-type=\"widget\" data-widget_type=\"text-editor.default\">\n\t\t\t\t<div class=\"elementor-widget-container\">\n\t\t\t\t\t\t\t\t\t<p><em><i>\u00a0<\/i><\/em><\/p><p><em><i><strong>Cari fratelli e sorelle<\/strong>,<\/i><\/em><\/p><p>in questo tempo in cui la pace \u00e8 minacciata dalla guerra il nostro vescovo, in comunione con il Santo Padre, ci invita a pregare per la pace, soprattutto con il rosario in questo mese di maggio.<\/p><p>Vi offro alcune riflessioni di Papa Leone durante la veglia di preghiere per la pace dell\u201911 aprile. \u201cLa nostra preghiera \u00e8 espressione di quella fede che, secondo la parola di Ges\u00f9, sposta le montagne. La guerra divide, la speranza unisce. La prepotenza calpesta, l\u2019amore solleva. L\u2019idolatria acceca, il Dio vivente illumina. Basta un poco di fede, una briciola di fede, carissimi, per affrontare insieme, <em>come <\/em>umanit\u00e0 e <em>con <\/em>umanit\u00e0, quest\u2019ora drammatica della storia. La preghiera, infatti, non \u00e8 rifugio per sottrarci alle nostre responsabilit\u00e0, non \u00e8 anestetico per evitare il dolore che tanta ingiustizia scatena. \u00c8 invece la pi\u00f9 gratuita, universale e dirompente risposta alla morte: siamo un popolo che gi\u00e0 risorge! In ognuno di noi, in ogni essere umano, il Maestro interiore insegna infatti la pace, sospinge all\u2019incontro, ispira l\u2019invocazione. Alziamo allora lo sguardo! Rialziamoci dalle macerie! Niente ci pu\u00f2 chiudere in un destino gi\u00e0 scritto, nemmeno in questo mondo in cui sembrano non bastare i sepolcri, perch\u00e9 si continua a crocifiggere, ad annientare la vita, senza diritto e senza piet\u00e0.<\/p><p>La preghiera ci educa ad agire. Le limitate possibilit\u00e0 umane si congiungono nella preghiera alle infinite possibilit\u00e0 di Dio. Pensieri, parole e opere infrangono, allora, la demoniaca catena del male e si mettono a servizio del Regno di Dio: un Regno in cui non c\u2019\u00e8 spada, n\u00e9 drone, n\u00e9 vendetta, n\u00e9 banalizzazione del male, n\u00e9 ingiusto profitto, ma solo dignit\u00e0, comprensione, perdono. Abbiamo qui un argine a quel delirio di onnipotenza che attorno a noi si fa sempre pi\u00f9 imprevedibile e aggressivo.<\/p><p>Gli equilibri nella famiglia umana sono gravemente destabilizzati. Viene trascinato nei discorsi di morte persino il Nome santo di Dio, il Dio della vita. Scompare allora un mondo di fratelli e sorelle con un solo Padre nei cieli e, come in un incubo notturno, la realt\u00e0 si popola di nemici. Ovunque si avvertono minacce, invece di chiamate all\u2019ascolto e all\u2019incontro. Fratelli e sorelle, chi prega ha coscienza del proprio limite, non uccide e non minaccia la morte. Invece, alla morte \u00e8 asservito chi ha voltato le spalle al Dio vivente, per fare di s\u00e9 stesso e del proprio potere l\u2019idolo muto, cieco e sordo, cui sacrificare ogni valore e pretendere che il mondo intero pieghi il ginocchio.<\/p><p>Basta con l\u2019idolatria di s\u00e9 stessi e del denaro! Basta con l\u2019esibizione della forza! Basta con la guerra! La vera forza si manifesta nel servire la vita. Facciamo nostre le parole di Pio XII: \u00abNulla \u00e8 perduto con la pace. Tutto pu\u00f2 essere perduto con la guerra\u00bb.<\/p><p>Il Rosario ci unisca, in questo mese di maggio, nel suo ritmo regolare, impostato sulla ripetizione: la pace si fa spazio cos\u00ec, parola dopo parola, gesto dopo gesto, come al telaio la tessitura avanza movimento dopo movimento. E alla fine del rosario rivolgiamo la nostra supplica a Cristo risorto, Principe della Pace:<\/p><p><strong>Signore Ges\u00f9<\/strong>,<br \/>tu hai vinto la morte senza armi n\u00e9 violenza:<br \/>hai dissolto il suo potere con la forza della pace.<br \/>Donaci la tua pace,<br \/>come alle donne incerte nel mattino di Pasqua,<br \/>come ai discepoli nascosti e spaventati.<br \/>Manda il tuo Spirito,<br \/>respiro che d\u00e0 vita, che riconcilia,<br \/>che rende fratelli e sorelle gli avversari e i nemici.<br \/>Ispiraci la fiducia di Maria, tua madre,<br \/>che col cuore straziato stava sotto la tua croce,<br \/>salda nella fede che saresti risorto.<br \/>La follia della guerra abbia termine<br \/>e la Terra sia curata e coltivata da chi ancora<br \/>sa generare, sa custodire, sa amare la vita.<br \/>Ascoltaci, Signore della vita!<\/p>\t\t\t\t\t\t\t\t<\/div>\n\t\t\t\t<\/div>\n\t\t\t\t\t<\/div>\n\t\t\t\t<\/div>\n\t\t<div class=\"elementor-element elementor-element-202febe e-flex e-con-boxed e-con e-parent\" data-id=\"202febe\" data-element_type=\"container\" data-e-type=\"container\">\n\t\t\t\t\t<div class=\"e-con-inner\">\n\t\t\t\t<div class=\"elementor-element elementor-element-96f6cb9 elementor-align-center elementor-widget__width-inherit elementor-widget elementor-widget-button\" data-id=\"96f6cb9\" data-element_type=\"widget\" data-e-type=\"widget\" data-widget_type=\"button.default\">\n\t\t\t\t<div class=\"elementor-widget-container\">\n\t\t\t\t\t\t\t\t\t<div class=\"elementor-button-wrapper\">\n\t\t\t\t\t<a class=\"elementor-button elementor-button-link elementor-size-sm\" href=\"https:\/\/www.parrocchiamontelupone.it\/?page_id=512\">\n\t\t\t\t\t\t<span class=\"elementor-button-content-wrapper\">\n\t\t\t\t\t\t\t\t\t<span class=\"elementor-button-text\">CALENDARIO LITURGICO<\/span>\n\t\t\t\t\t<\/span>\n\t\t\t\t\t<\/a>\n\t\t\t\t<\/div>\n\t\t\t\t\t\t\t\t<\/div>\n\t\t\t\t<\/div>\n\t\t\t\t\t<\/div>\n\t\t\t\t<\/div>\n\t\t<div class=\"elementor-element elementor-element-33ba795 e-flex e-con-boxed e-con e-parent\" data-id=\"33ba795\" data-element_type=\"container\" data-e-type=\"container\">\n\t\t\t\t\t<div class=\"e-con-inner\">\n\t\t<div class=\"elementor-element elementor-element-ac97fb1 e-con-full e-flex e-con e-child\" data-id=\"ac97fb1\" data-element_type=\"container\" data-e-type=\"container\">\n\t\t\t\t<div class=\"elementor-element elementor-element-f3c060d elementor-align-center elementor-widget elementor-widget-button\" data-id=\"f3c060d\" data-element_type=\"widget\" data-e-type=\"widget\" data-widget_type=\"button.default\">\n\t\t\t\t<div class=\"elementor-widget-container\">\n\t\t\t\t\t\t\t\t\t<div class=\"elementor-button-wrapper\">\n\t\t\t\t\t<a class=\"elementor-button elementor-button-link elementor-size-sm\" href=\"https:\/\/www.parrocchiamontelupone.it\/?page_id=322\">\n\t\t\t\t\t\t<span class=\"elementor-button-content-wrapper\">\n\t\t\t\t\t\t\t\t\t<span class=\"elementor-button-text\">NOTIZIE E AVVISI<\/span>\n\t\t\t\t\t<\/span>\n\t\t\t\t\t<\/a>\n\t\t\t\t<\/div>\n\t\t\t\t\t\t\t\t<\/div>\n\t\t\t\t<\/div>\n\t\t\t\t<\/div>\n\t\t<div class=\"elementor-element elementor-element-acd08be e-con-full e-flex e-con e-child\" data-id=\"acd08be\" data-element_type=\"container\" data-e-type=\"container\">\n\t\t\t\t<div class=\"elementor-element elementor-element-d61df0b elementor-align-center elementor-widget elementor-widget-button\" data-id=\"d61df0b\" data-element_type=\"widget\" data-e-type=\"widget\" data-widget_type=\"button.default\">\n\t\t\t\t<div class=\"elementor-widget-container\">\n\t\t\t\t\t\t\t\t\t<div class=\"elementor-button-wrapper\">\n\t\t\t\t\t<a class=\"elementor-button elementor-button-link elementor-size-sm\" href=\"https:\/\/www.parrocchiamontelupone.it\">\n\t\t\t\t\t\t<span class=\"elementor-button-content-wrapper\">\n\t\t\t\t\t\t\t\t\t<span class=\"elementor-button-text\">HOME<\/span>\n\t\t\t\t\t<\/span>\n\t\t\t\t\t<\/a>\n\t\t\t\t<\/div>\n\t\t\t\t\t\t\t\t<\/div>\n\t\t\t\t<\/div>\n\t\t\t\t<\/div>\n\t\t\t\t\t<\/div>\n\t\t\t\t<\/div>\n\t\t\t\t<\/div>\n\t\t","protected":false},"excerpt":{"rendered":"<p>CALENDARIO LITURGICO NOTIZIE E AVVISI HOME \u00a0 Cari fratelli e sorelle, in questo tempo in cui la pace \u00e8 minacciata dalla guerra il nostro vescovo, in comunione con il Santo Padre, ci invita a pregare per la pace, soprattutto con il rosario in questo mese di maggio. Vi offro alcune riflessioni di Papa Leone durante [&hellip;]<\/p>\n","protected":false},"author":1,"featured_media":0,"parent":0,"menu_order":0,"comment_status":"closed","ping_status":"closed","template":"","meta":{"footnotes":""},"class_list":["post-211","page","type-page","status-publish","hentry"],"_links":{"self":[{"href":"https:\/\/www.parrocchiamontelupone.it\/index.php?rest_route=\/wp\/v2\/pages\/211","targetHints":{"allow":["GET"]}}],"collection":[{"href":"https:\/\/www.parrocchiamontelupone.it\/index.php?rest_route=\/wp\/v2\/pages"}],"about":[{"href":"https:\/\/www.parrocchiamontelupone.it\/index.php?rest_route=\/wp\/v2\/types\/page"}],"author":[{"embeddable":true,"href":"https:\/\/www.parrocchiamontelupone.it\/index.php?rest_route=\/wp\/v2\/users\/1"}],"replies":[{"embeddable":true,"href":"https:\/\/www.parrocchiamontelupone.it\/index.php?rest_route=%2Fwp%2Fv2%2Fcomments&post=211"}],"version-history":[{"count":183,"href":"https:\/\/www.parrocchiamontelupone.it\/index.php?rest_route=\/wp\/v2\/pages\/211\/revisions"}],"predecessor-version":[{"id":4292,"href":"https:\/\/www.parrocchiamontelupone.it\/index.php?rest_route=\/wp\/v2\/pages\/211\/revisions\/4292"}],"wp:attachment":[{"href":"https:\/\/www.parrocchiamontelupone.it\/index.php?rest_route=%2Fwp%2Fv2%2Fmedia&parent=211"}],"curies":[{"name":"wp","href":"https:\/\/api.w.org\/{rel}","templated":true}]}}